) = -1. Let i(k) = -u(k) - 6*y(k). Suppose 5*o - 74 + 16 + 33 = 0. Determine i(o).
-7
Suppose -7*i + 2*i = 440. Let b be 58/((-186)/341 - (-40)/33). Let t = i + b. Let v(o) = -9*o. Determine v(t).
9
Let h(r) = r**3 + 57*r**2 + 53*r - 128. Let a be h(-56). Let q(x) = 8*x - x**2 + 21 + 25 - a. Give q(8).
6
Let f be ((-3)/3)/(1/36). Let k be ((-3)/(-6))/(9/f). Let l(n) = -2*n**2 - n**2 - 1 + 3 - 2*n. Give l(k).
-6
Let y(l) be the first derivative of l**2 + 9*l - 54. Let o be (-36)/(-42) - (-48)/(-56). What is y(o)?
9
Let j(x) = 23*x + 2 - 63*x + 27*x + 20*x. Let n = 378 - 384. Determine j(n).
-40
Suppose -3*m - m + 2*y = -34, 0 = -m + 5*y + 4. Let f(u) = 8 - m - 4 + u + 8. Give f(-7).
-4
Let a(b) = b**3 - b**2 + 3*b - 1. Suppose -2*c = 4*g - 8, 0*c + 8 = 2*c - 3*g. What is a(c)?
59
Suppose 3*j + 117 = 2*x + 136, -4*x = 5*j + 27. Let k(p) = -p**2 + 6*p - 1. Give k(x).
-113
Let r(x) = -x**2 - 12*x + 34. Suppose 2*a + l = -32, -a - 10*l - 27 = -4*l. Calculate r(a).
-11
Let k(l) = l**2 - 1220 + 5*l**2 + 1208 + 0*l**2 + 14*l - 5*l**2. Determine k(-16).
20
Let r(s) = 2*s**2 + 2. Let n(p) = -p**3 - 12*p**2 + p - 26. Let j(h) = n(h) + 10*r(h). Let t = -6 - -14. What is j(t)?
2
Let t(f) = -1576 - 2*f + 1575 + f**2 + 9*f. Suppose 17 + 23 = -5*z. Give t(z).
7
Let g(i) = -77*i + 43. Let t(r) = 557*r - 301. Let c(l) = 29*g(l) + 4*t(l). Calculate c(7).
8
Let u = 54 - 51. Suppose 15 = 3*x + u*y, -5*y = -2*x - 4*y + 4. Let d(b) = -4 + 0*b**3 + b**x + 5 - 3 - 7*b**2. Determine d(7).
-2
Suppose -14*j + j - 52 = -13. Let x(n) = 2*n**3 + 5*n**2 + 7*n + 10. What is x(j)?
-20
Let n(o) = -1024*o + 501*o - 96 + 511*o. What is n(-8)?
0
Let s be 10/45 + 47/(-9). Let p(r) be the second derivative of -2 + 29*r + 1/6*r**3 - r**2. Calculate p(s).
-7
Let l(o) = -6 + 53*o**3 - 6*o**2 + 50*o**3 - 273*o**3 + 57*o**3 + 57*o**3 + 57*o**3. Let v = 1 - -4. Calculate l(v).
-31
Let q(j) = 5*j + 10. Suppose -2*c = 30*c. Let f be -10 - ((c - -5) + -6). Calculate q(f).
-35
Let n(z) = z**3 + 289*z**2 - 2075*z + 11. Let q be n(7). Let a(m) = -m + 24. Let d(s) = 4*s - 73. Let j(v) = -7*a(v) - 2*d(v). What is j(q)?
-12
Let y(o) be the first derivative of 5*o**4/4 + o**3/3 - 2*o**2 + 3*o + 65. Let i be y(1). Let x(b) = b**3 - 4*b**2 - 4*b. Calculate x(i).
5
Let x(h) = 19*h - 102. Let f(q) = -16*q + 77. Let z(s) = 5*f(s) + 4*x(s). Determine z(-3).
-11
Suppose -19 = -6*c + 5. Let y(x) = -4*x**2 + 22*x**2 + x + 24 - 10*x**2 - c*x**2 - x**3. Let z be y(5). Let g(k) = 3*k - 6. Determine g(z).
6
Suppose -5*n - 42 = -137. Let d = -2558 + 2560. Let y(w) = 3 - 15*w**3 + 35*w**3 - n*w**3 - 3*w**d - 4*w. Give y(3).
-9
Let b(w) = w**3 - 7*w**2 - 6*w - 7. Let v be b(8). Let t(z) = -z + 16. Let s = 306 + -295. Let m(k) = 3*k - 47. Let g(d) = s*t(d) + 4*m(d). What is g(v)?
-3
Let s(n) = 8*n + 26. Let c = 4113 + -4119. Give s(c).
-22
Suppose -226 - 635 = -38*l + 697. Let o(w) = 2*w**3 - 84*w**2 + 84*w - 83. Calculate o(l).
-1
Let m(z) = -2*z**3 + 14*z**2 + z - 11. Let w(f) = -124*f + 379. Let h be w(3). Calculate m(h).
-4
Let a(b) = -2*b + 61. Let f(j) = 18*j**2 - 781*j + 330. Let z be f(43). Calculate a(z).
3
Let r(v) = -5*v**2 + 8*v - 5. Let z(k) = 10*k**2 - 15*k + 9. Let y(c) = 11*r(c) + 6*z(c). Let m(o) = -5*o - 16. Let x be m(-7). Let f = 18 - x. Determine y(f).
6
Let f(g) = -g - 9. Suppose -16*d + 48 + 16 = 0. Suppose -5*o - 12 = d*w, 4*w = 3*o - 15 + 3. What is f(o)?
-9
Let h = 14 - 6. Let b(y) = 7*y**2 - h*y**2 - 5 - 2*y + 2*y**2. Let m(t) = -t**3 - 7*t**2 - 2*t + 36. Let f be m(-5). Give b(f).
19
Suppose -i + 15 = 3. Let b be (-64)/(-28) - 2/7. Suppose -c - b*c = i. Let k(m) = -m**3 - 3*m**2 + 3*m - 2. Determine k(c).
2
Let k = 76 - 23. Let j(g) = g**2 - 54 + 104 + g - k. Calculate j(0).
-3
Let c = -123 + 138. Let t(d) = 6 - c*d - 1 + 4 - 10. What is t(-1)?
14
Let v be -3 - 20/(4/(-1)). Let i = -50 - -113. Suppose v*f = 11*f + i. Let c(z) = z**2 + 6*z - 9. Determine c(f).
-2
Let g(z) = 39*z**2 - 84*z - 9. Let v(r) = 15*r**2 - 42*r - 4. Let m(f) = 2*g(f) - 5*v(f). Determine m(-14).
2
Let a(p) = 9*p - 42. Suppose -5*g + 37 = 3*z, -85*g = -80*g - 25. Determine a(z).
-6
Let o(a) be the third derivative of a**5/30 + a**4/12 - 2*a**3/3 + a**2 - 10. Let y = -13 + 10. What is o(y)?
8
Suppose 4*p - 26 = s, -5*s - 5*p = -0*s + 5. Let q(h) be the first derivative of 12*h - 367 + 1/3*h**3 + 7/2*h**2. Calculate q(s).
6
Let l(u) = u**2 + 2*u - 4. Suppose 9*b = 11*b - 6. Suppose 12 = b*c - 30. Let s = -19 + c. Determine l(s).
11
Let y(r) be the second derivative of 4*r**4/3 - r**3/6 - r - 46. Let b = -20 - -21. Give y(b).
15
Let d(u) = 22*u + 51. Suppose 2*z - 2*t + 14 = 0, -4*z - 5*t = -0*z - 17. What is d(z)?
7
Let h = -12594 - -12559. Let y(z) = z**2 + 36*z + 25. Give y(h).
-10
Let h = 57 - -149. Let k = h + -205. Let b(s) = 17*s**2 - 1. Determine b(k).
16
Let w(q) = q**2 + 7*q. Let g be w(-7). Let t(o) = -2*o + g*o + 6 + 6*o. Let s(k) = 5*k + 41. Let b be s(-9). What is t(b)?
-10
Let q(j) = -j**3 - 13*j**2 - 3*j - 42. Let v(y) = 107*y + 522. Let t be v(-5). Determine q(t).
-3
Let p be (-10)/(-6)*(-108)/(-30)*-1. Let x(s) = 5*s**2 + 11*s - 5. Let r(o) = -14*o**2 - 32*o + 15. Let d(l) = p*r(l) - 17*x(l). Calculate d(4).
-1
Let a = -6119 - -6130. Let j(y) = 4*y - 41. Calculate j(a).
3
Suppose 0 = 3*g - 28 + 25. Let h(y) be the third derivative of 11*y**4/24 - y**3/6 + 49*y**2 + 3. Calculate h(g).
10
Let m(d) = 19*d - 10. Let v(z) = 35*z - 18. Let w(l) = -2*l**2 + 30*l + 26. Let i be w(16). Let j(h) = i*v(h) + 11*m(h). What is j(-9)?
7
Let s(g) = -3*g**3 - 19*g**2 - 18*g - 13. Let o(b) = 4*b**3 + 21*b**2 + 20*b + 13. Let v(r) = -4*o(r) - 5*s(r). Give v(12).
-11
Let v(x) = x - 3. Let n(b) = -1. Let q be 1/(-4*(-8)/32). Let y(z) = q*v(z) + 3*n(z). Calculate y(8).
2
Let u(m) be the third derivative of -m**6/120 - m**5/15 - m**4/12 - m**3/6 + 2*m**2. Suppose 0 = 4*w + 4*h + 36, -796*h + 22 = -4*w - 798*h. Calculate u(w).
-5
Let p(g) = -g**3 - g**2 + g - 1. Let j(l) = 50*l + 149. Let b be j(-3). Let y(h) = -4*h**3 + 5*h**2 + 13*h - 8. Let v(f) = b*y(f) + 5*p(f). Give v(-9).
-6
Let z(d) be the first derivative of -d**4/4 - 2*d**3 - d**2 - 2*d + 3. Let s be ((-516)/36 - 572/156)*1/3. What is z(s)?
10
Suppose 4*c - 6 = 6*c, 0 = 5*h + 4*c + 17. Let t be (-675)/(-81) + 1/(-3). Let g(y) = 0*y - t*y**3 + 4*y**2 - 6*y**2 + 2*y - 3*y. Give g(h).
7
Let d(s) be the second derivative of 7*s**3/3 - 36*s**2 - s - 131. Give d(6).
12
Let v(i) = -7*i - 11. Let l be -33 + 20 + (-7)/(-1) + -2. What is v(l)?
45
Let z = -21/395 + 458/1185. Let g(c) be the first derivative of 21 - z*c**3 - 9*c - 7/2*c**2. Calculate g(-6).
-3
Suppose -2*g + 5 = -3. Let d(b) = -3*b**3 + 5*b**2 - 6*b + 1. Let m(a) = -4*a**3 + 7*a**2 + a - 5. Let k(i) = d(i) - m(i). Give k(g).
10
Suppose 0 = 2*z - 0*z - 14. Let x(s) be the third derivative of 0 - 1/60*s**5 + 7/24*s**4 - s**2 + 2/3*s**3 + 0*s. Determine x(z).
4
Let c(m) = -m**3 + 7*m**2 - 6*m - 3. Let s(i) = -i**3 - 4*i - 23*i**2 - 21*i**2 - 2*i + 51*i**2 - 4. Let g(q) = 3*c(q) - 4*s(q). Calculate g(6).
7
Suppose -64 = -2*q + 2*x, 100*x - 18 = -q + 103*x. Let j(c) = -3*c + 132. What is j(q)?
15
Let n(u) be the third derivative of -u**6/360 - u**5/120 + 5*u**4/12 + 3*u**3/2 + 139*u**2. Let b(s) be the first derivative of n(s). Determine b(0).
10
Let g(i) = -4*i**2 - 13*i + 7. Let h(n) = n**2 + n - 1. Suppose 2*o = 5*d - 15, -3*o = -d - 2*o + 6. Let q(s) = d*g(s) + 5*h(s). Give q(8).
2
Let y(s) be the third derivative of -s**6/120 + s**5/2 + 5*s**4/4 + 7*s**3 - 839*s**2. Give y(31).
11
Suppose -130 = 5*z - 2*j - 65, 5*z = -3*j - 40. Let b(q) = -q**3 - 13*q**2 - 16*q + 66. Calculate b(z).
0
Let o(g) = g**2 + g + 3. Let u = 84 + -84. Let h be o(u). Suppose -h*q - 8 = -q. Let i(c) = c**3 + 4*c**2 - c - 5. Determine i(q).
-1
Suppose 31 = 13*w - 21. Let y be 2 - (w/(-8) - (-7)/(-2)). Let j(p) be the second derivative of -p**3/6 + 5*p**2/2 + 2*p. Give j(y).
-1
Let m be (8 + (-84)/8)*(-288)/45. Let x(c) = -2*c**2 + 33*c - 30. Give x(m).
-14
Let q = 89 + -87. Let p(m) = 6 - q*m**2 - 20 - 9*m + 17*m + 3*m**2. Calculate p(-10).
6
Let f be (-9)/(-1) + (-5)/((-25)/20). Let n(j) = -j**3 - 3 - 11 + 3*j**2 + f + 8*j - 4. Calculate n(5).
-15
Let l(q) = 11*q + 65. Let m be l(-5). Let j(n) = n - 16. Let k be j(m). Let p(f) = f 